{"id":73,"date":"2025-05-24T04:08:36","date_gmt":"2025-05-24T04:08:36","guid":{"rendered":"https:\/\/mangahobbies.click\/?product=hi-fi-headphones"},"modified":"2026-01-23T01:39:10","modified_gmt":"2026-01-23T01:39:10","slug":"hi-fi-headphones","status":"publish","type":"product","link":"https:\/\/mangahobbies.click\/?product=hi-fi-headphones","title":{"rendered":"Ch\u00fa thu\u1eadt h\u1ed3i chi\u1ebfn &#8211; T\u1eadp 13"},"content":{"rendered":"<p>M\u00f4 t\u1ea3: Dagon \u0111\u00e3 bi\u1ebfn th\u00e0nh m\u1ed9t ch\u00fa linh \u0111\u00e1ng s\u1ee3\u2026! D\u00f2ng n\u01b0\u1edbc ch\u1ea3y xi\u1ebft mang ch\u00fa l\u1ef1c v\u00f4 h\u1ea1n d\u1ed3n d\u1eadp t\u1ea5n c\u00f4ng Naobito, Maki, Nanami!! M\u1eb7t kh\u00e1c, nh\u1eb1m l\u1ea5y l\u1ea1i th\u1ec3 x\u00e1c Geto, nh\u00f3m ch\u00fa nguy\u1ec1n s\u01b0 s\u00f9ng b\u00e1i anh ta \u0111\u00e3 \u0111\u00e1nh th\u1ee9c k\u1ebb kh\u00f4ng n\u00ean d\u00e2y d\u01b0a nh\u1ea5t!?<\/p>\n","protected":false},"excerpt":{"rendered":"<p>Dagon h\u00f3a th\u00e0nh ch\u00fa linh h\u00f9ng m\u1ea1nh, tung ra \u0111\u00f2n t\u1ea5n c\u00f4ng d\u1eef d\u1ed9i b\u1eb1ng ch\u00fa l\u1ef1c n\u01b0\u1edbc l\u00ean Naobito, Maki v\u00e0 Nanami! C\u00f9ng l\u00fac \u0111\u00f3, \u0111\u1ec3 \u0111o\u1ea1t l\u1ea1i th\u1ec3 x\u00e1c c\u1ee7a Geto, m\u1ed9t th\u1ebf l\u1ef1c nguy\u1ec1n s\u01b0 t\u00e0 \u00e1c \u0111\u00e3 \u0111\u00e1nh th\u1ee9c k\u1ebb nguy hi\u1ec3m nh\u1ea5t\u2026!<\/p>\n","protected":false},"featured_media":101,"comment_status":"open","ping_status":"closed","template":"","meta":[],"product_brand":[],"product_cat":[18],"product_tag":[],"class_list":{"0":"post-73","1":"product","2":"type-product","3":"status-publish","4":"has-post-thumbnail","6":"product_cat-chua-phan-loai","8":"first","9":"instock","10":"sale","11":"shipping-taxable","12":"purchasable","13":"product-type-simple"},"ams_default_variation_id":0,"ams_product_points_reward":[],"ams_product_discount_percentage":20,"ams_price_to_display":24000,"ams_acf":[],"yoast_head":"<!-- This site is optimized with the Yoast SEO plugin v25.6 - https:\/\/yoast.com\/wordpress\/plugins\/seo\/ -->\n<title>Ch\u00fa thu\u1eadt h\u1ed3i chi\u1ebfn - T\u1eadp 13 - Manga Hobbies<\/title>\n<meta name=\"robots\" content=\"index, follow, max-snippet:-1, max-image-preview:large, max-video-preview:-1\" \/>\n<link rel=\"canonical\" href=\"https:\/\/mangahobbies.click\/?product=hi-fi-headphones\" \/>\n<meta property=\"og:locale\" content=\"vi_VN\" \/>\n<meta property=\"og:type\" content=\"article\" \/>\n<meta property=\"og:title\" content=\"Ch\u00fa thu\u1eadt h\u1ed3i chi\u1ebfn - T\u1eadp 13 - Manga Hobbies\" \/>\n<meta property=\"og:description\" content=\"Dagon h\u00f3a th\u00e0nh ch\u00fa linh h\u00f9ng m\u1ea1nh, tung ra \u0111\u00f2n t\u1ea5n c\u00f4ng d\u1eef d\u1ed9i b\u1eb1ng ch\u00fa l\u1ef1c n\u01b0\u1edbc l\u00ean Naobito, Maki v\u00e0 Nanami! C\u00f9ng l\u00fac \u0111\u00f3, \u0111\u1ec3 \u0111o\u1ea1t l\u1ea1i th\u1ec3 x\u00e1c c\u1ee7a Geto, m\u1ed9t th\u1ebf l\u1ef1c nguy\u1ec1n s\u01b0 t\u00e0 \u00e1c \u0111\u00e3 \u0111\u00e1nh th\u1ee9c k\u1ebb nguy hi\u1ec3m nh\u1ea5t\u2026!\" \/>\n<meta property=\"og:url\" content=\"https:\/\/mangahobbies.click\/?product=hi-fi-headphones\" \/>\n<meta property=\"og:site_name\" content=\"Manga Hobbies\" \/>\n<meta property=\"article:modified_time\" content=\"2026-01-23T01:39:10+00:00\" \/>\n<meta property=\"og:image\" content=\"https:\/\/mangahobbies.click\/wp-content\/uploads\/2025\/05\/z6633839051746_59e2520933d4776f630ff37b9ae998d7.jpg\" \/>\n\t<meta property=\"og:image:width\" content=\"768\" \/>\n\t<meta property=\"og:image:height\" content=\"1166\" \/>\n\t<meta property=\"og:image:type\" content=\"image\/jpeg\" \/>\n<meta name=\"twitter:card\" content=\"summary_large_image\" \/>\n<script type=\"application\/ld+json\" class=\"yoast-schema-graph\">{\"@context\":\"https:\/\/schema.org\",\"@graph\":[{\"@type\":\"WebPage\",\"@id\":\"https:\/\/mangahobbies.click\/?product=hi-fi-headphones\",\"url\":\"https:\/\/mangahobbies.click\/?product=hi-fi-headphones\",\"name\":\"Ch\u00fa thu\u1eadt h\u1ed3i chi\u1ebfn - T\u1eadp 13 - Manga Hobbies\",\"isPartOf\":{\"@id\":\"https:\/\/mangahobbies.click\/#website\"},\"primaryImageOfPage\":{\"@id\":\"https:\/\/mangahobbies.click\/?product=hi-fi-headphones#primaryimage\"},\"image\":{\"@id\":\"https:\/\/mangahobbies.click\/?product=hi-fi-headphones#primaryimage\"},\"thumbnailUrl\":\"https:\/\/mangahobbies.click\/wp-content\/uploads\/2025\/05\/z6633839051746_59e2520933d4776f630ff37b9ae998d7.jpg\",\"datePublished\":\"2025-05-24T04:08:36+00:00\",\"dateModified\":\"2026-01-23T01:39:10+00:00\",\"breadcrumb\":{\"@id\":\"https:\/\/mangahobbies.click\/?product=hi-fi-headphones#breadcrumb\"},\"inLanguage\":\"vi\",\"potentialAction\":[{\"@type\":\"ReadAction\",\"target\":[\"https:\/\/mangahobbies.click\/?product=hi-fi-headphones\"]}]},{\"@type\":\"ImageObject\",\"inLanguage\":\"vi\",\"@id\":\"https:\/\/mangahobbies.click\/?product=hi-fi-headphones#primaryimage\",\"url\":\"https:\/\/mangahobbies.click\/wp-content\/uploads\/2025\/05\/z6633839051746_59e2520933d4776f630ff37b9ae998d7.jpg\",\"contentUrl\":\"https:\/\/mangahobbies.click\/wp-content\/uploads\/2025\/05\/z6633839051746_59e2520933d4776f630ff37b9ae998d7.jpg\",\"width\":768,\"height\":1166},{\"@type\":\"BreadcrumbList\",\"@id\":\"https:\/\/mangahobbies.click\/?product=hi-fi-headphones#breadcrumb\",\"itemListElement\":[{\"@type\":\"ListItem\",\"position\":1,\"name\":\"Trang ch\u1ee7\",\"item\":\"https:\/\/mangahobbies.click\/\"},{\"@type\":\"ListItem\",\"position\":2,\"name\":\"C\u1eeda h\u00e0ng\",\"item\":\"https:\/\/mangahobbies.click\/?page_id=19\"},{\"@type\":\"ListItem\",\"position\":3,\"name\":\"Ch\u00fa thu\u1eadt h\u1ed3i chi\u1ebfn &#8211; T\u1eadp 13\"}]},{\"@type\":\"WebSite\",\"@id\":\"https:\/\/mangahobbies.click\/#website\",\"url\":\"https:\/\/mangahobbies.click\/\",\"name\":\"Manga Hobbies\",\"description\":\"\",\"publisher\":{\"@id\":\"https:\/\/mangahobbies.click\/#organization\"},\"potentialAction\":[{\"@type\":\"SearchAction\",\"target\":{\"@type\":\"EntryPoint\",\"urlTemplate\":\"https:\/\/mangahobbies.click\/?s={search_term_string}\"},\"query-input\":{\"@type\":\"PropertyValueSpecification\",\"valueRequired\":true,\"valueName\":\"search_term_string\"}}],\"inLanguage\":\"vi\"},{\"@type\":\"Organization\",\"@id\":\"https:\/\/mangahobbies.click\/#organization\",\"name\":\"Manga Hobbies\",\"url\":\"https:\/\/mangahobbies.click\/\",\"logo\":{\"@type\":\"ImageObject\",\"inLanguage\":\"vi\",\"@id\":\"https:\/\/mangahobbies.click\/#\/schema\/logo\/image\/\",\"url\":\"https:\/\/mangahobbies.click\/wp-content\/uploads\/2025\/05\/Beige-Red-Minimalist-Pastry-Bakery-Logo-6.png\",\"contentUrl\":\"https:\/\/mangahobbies.click\/wp-content\/uploads\/2025\/05\/Beige-Red-Minimalist-Pastry-Bakery-Logo-6.png\",\"width\":500,\"height\":500,\"caption\":\"Manga Hobbies\"},\"image\":{\"@id\":\"https:\/\/mangahobbies.click\/#\/schema\/logo\/image\/\"}}]}<\/script>\n<!-- \/ Yoast SEO plugin. -->","yoast_head_json":{"title":"Ch\u00fa thu\u1eadt h\u1ed3i chi\u1ebfn - T\u1eadp 13 - Manga Hobbies","robots":{"index":"index","follow":"follow","max-snippet":"max-snippet:-1","max-image-preview":"max-image-preview:large","max-video-preview":"max-video-preview:-1"},"canonical":"https:\/\/mangahobbies.click\/?product=hi-fi-headphones","og_locale":"vi_VN","og_type":"article","og_title":"Ch\u00fa thu\u1eadt h\u1ed3i chi\u1ebfn - T\u1eadp 13 - Manga Hobbies","og_description":"Dagon h\u00f3a th\u00e0nh ch\u00fa linh h\u00f9ng m\u1ea1nh, tung ra \u0111\u00f2n t\u1ea5n c\u00f4ng d\u1eef d\u1ed9i b\u1eb1ng ch\u00fa l\u1ef1c n\u01b0\u1edbc l\u00ean Naobito, Maki v\u00e0 Nanami! C\u00f9ng l\u00fac \u0111\u00f3, \u0111\u1ec3 \u0111o\u1ea1t l\u1ea1i th\u1ec3 x\u00e1c c\u1ee7a Geto, m\u1ed9t th\u1ebf l\u1ef1c nguy\u1ec1n s\u01b0 t\u00e0 \u00e1c \u0111\u00e3 \u0111\u00e1nh th\u1ee9c k\u1ebb nguy hi\u1ec3m nh\u1ea5t\u2026!","og_url":"https:\/\/mangahobbies.click\/?product=hi-fi-headphones","og_site_name":"Manga Hobbies","article_modified_time":"2026-01-23T01:39:10+00:00","og_image":[{"width":768,"height":1166,"url":"https:\/\/mangahobbies.click\/wp-content\/uploads\/2025\/05\/z6633839051746_59e2520933d4776f630ff37b9ae998d7.jpg","type":"image\/jpeg"}],"twitter_card":"summary_large_image","schema":{"@context":"https:\/\/schema.org","@graph":[{"@type":"WebPage","@id":"https:\/\/mangahobbies.click\/?product=hi-fi-headphones","url":"https:\/\/mangahobbies.click\/?product=hi-fi-headphones","name":"Ch\u00fa thu\u1eadt h\u1ed3i chi\u1ebfn - T\u1eadp 13 - Manga Hobbies","isPartOf":{"@id":"https:\/\/mangahobbies.click\/#website"},"primaryImageOfPage":{"@id":"https:\/\/mangahobbies.click\/?product=hi-fi-headphones#primaryimage"},"image":{"@id":"https:\/\/mangahobbies.click\/?product=hi-fi-headphones#primaryimage"},"thumbnailUrl":"https:\/\/mangahobbies.click\/wp-content\/uploads\/2025\/05\/z6633839051746_59e2520933d4776f630ff37b9ae998d7.jpg","datePublished":"2025-05-24T04:08:36+00:00","dateModified":"2026-01-23T01:39:10+00:00","breadcrumb":{"@id":"https:\/\/mangahobbies.click\/?product=hi-fi-headphones#breadcrumb"},"inLanguage":"vi","potentialAction":[{"@type":"ReadAction","target":["https:\/\/mangahobbies.click\/?product=hi-fi-headphones"]}]},{"@type":"ImageObject","inLanguage":"vi","@id":"https:\/\/mangahobbies.click\/?product=hi-fi-headphones#primaryimage","url":"https:\/\/mangahobbies.click\/wp-content\/uploads\/2025\/05\/z6633839051746_59e2520933d4776f630ff37b9ae998d7.jpg","contentUrl":"https:\/\/mangahobbies.click\/wp-content\/uploads\/2025\/05\/z6633839051746_59e2520933d4776f630ff37b9ae998d7.jpg","width":768,"height":1166},{"@type":"BreadcrumbList","@id":"https:\/\/mangahobbies.click\/?product=hi-fi-headphones#breadcrumb","itemListElement":[{"@type":"ListItem","position":1,"name":"Trang ch\u1ee7","item":"https:\/\/mangahobbies.click\/"},{"@type":"ListItem","position":2,"name":"C\u1eeda h\u00e0ng","item":"https:\/\/mangahobbies.click\/?page_id=19"},{"@type":"ListItem","position":3,"name":"Ch\u00fa thu\u1eadt h\u1ed3i chi\u1ebfn &#8211; T\u1eadp 13"}]},{"@type":"WebSite","@id":"https:\/\/mangahobbies.click\/#website","url":"https:\/\/mangahobbies.click\/","name":"Manga Hobbies","description":"","publisher":{"@id":"https:\/\/mangahobbies.click\/#organization"},"potentialAction":[{"@type":"SearchAction","target":{"@type":"EntryPoint","urlTemplate":"https:\/\/mangahobbies.click\/?s={search_term_string}"},"query-input":{"@type":"PropertyValueSpecification","valueRequired":true,"valueName":"search_term_string"}}],"inLanguage":"vi"},{"@type":"Organization","@id":"https:\/\/mangahobbies.click\/#organization","name":"Manga Hobbies","url":"https:\/\/mangahobbies.click\/","logo":{"@type":"ImageObject","inLanguage":"vi","@id":"https:\/\/mangahobbies.click\/#\/schema\/logo\/image\/","url":"https:\/\/mangahobbies.click\/wp-content\/uploads\/2025\/05\/Beige-Red-Minimalist-Pastry-Bakery-Logo-6.png","contentUrl":"https:\/\/mangahobbies.click\/wp-content\/uploads\/2025\/05\/Beige-Red-Minimalist-Pastry-Bakery-Logo-6.png","width":500,"height":500,"caption":"Manga Hobbies"},"image":{"@id":"https:\/\/mangahobbies.click\/#\/schema\/logo\/image\/"}}]}},"jetpack_sharing_enabled":true,"_links":{"self":[{"href":"https:\/\/mangahobbies.click\/index.php?rest_route=\/wp\/v2\/product\/73","targetHints":{"allow":["GET"]}}],"collection":[{"href":"https:\/\/mangahobbies.click\/index.php?rest_route=\/wp\/v2\/product"}],"about":[{"href":"https:\/\/mangahobbies.click\/index.php?rest_route=\/wp\/v2\/types\/product"}],"replies":[{"embeddable":true,"href":"https:\/\/mangahobbies.click\/index.php?rest_route=%2Fwp%2Fv2%2Fcomments&post=73"}],"wp:featuredmedia":[{"embeddable":true,"href":"https:\/\/mangahobbies.click\/index.php?rest_route=\/wp\/v2\/media\/101"}],"wp:attachment":[{"href":"https:\/\/mangahobbies.click\/index.php?rest_route=%2Fwp%2Fv2%2Fmedia&parent=73"}],"wp:term":[{"taxonomy":"product_brand","embeddable":true,"href":"https:\/\/mangahobbies.click\/index.php?rest_route=%2Fwp%2Fv2%2Fproduct_brand&post=73"},{"taxonomy":"product_cat","embeddable":true,"href":"https:\/\/mangahobbies.click\/index.php?rest_route=%2Fwp%2Fv2%2Fproduct_cat&post=73"},{"taxonomy":"product_tag","embeddable":true,"href":"https:\/\/mangahobbies.click\/index.php?rest_route=%2Fwp%2Fv2%2Fproduct_tag&post=73"}],"curies":[{"name":"wp","href":"https:\/\/api.w.org\/{rel}","templated":true}]}}