{"id":169,"date":"2025-06-14T04:15:10","date_gmt":"2025-06-14T04:15:10","guid":{"rendered":"https:\/\/mangahobbies.click\/?post_type=product&#038;p=169"},"modified":"2025-06-26T03:56:09","modified_gmt":"2025-06-26T03:56:09","slug":"monster-8-tap-10","status":"publish","type":"product","link":"https:\/\/mangahobbies.click\/?product=monster-8-tap-10","title":{"rendered":"COMBO 2: MONSTER #8 &#8211; T\u1eadp 10 + Neon Genesis Evangelion &#8211; Collector\u2019s Edition &#8211; T\u1eadp 2"},"content":{"rendered":"<p data-start=\"162\" data-end=\"619\"><strong data-start=\"162\" data-end=\"188\">1. MONSTER #8 &#8211; T\u1eadp 10<\/strong><br data-start=\"188\" data-end=\"191\" \/>Trong t\u1eadp 10, tr\u1eadn chi\u1ebfn gi\u1eefa Kaiju v\u00e0 l\u1ef1c l\u01b0\u1ee3ng ph\u00f2ng v\u1ec7 tr\u1edf n\u00ean kh\u1ed1c li\u1ec7t h\u01a1n bao gi\u1edd h\u1ebft. Kafka Hibino \u2013 qu\u00e1i v\u1eadt s\u1ed1 8 \u2013 \u0111\u1ee9ng tr\u01b0\u1edbc l\u1ef1a ch\u1ecdn kh\u00f3 kh\u0103n gi\u1eefa danh t\u00ednh con ng\u01b0\u1eddi v\u00e0 qu\u00e1i v\u1eadt. Nh\u1eefng b\u00ed m\u1eadt v\u1ec1 qu\u00e1 kh\u1ee9 d\u1ea7n h\u00e9 l\u1ed9, \u0111\u1ed3ng th\u1eddi c\u0103ng th\u1eb3ng n\u1ed9i b\u1ed9 trong t\u1ed5 ch\u1ee9c t\u0103ng cao. Li\u1ec7u anh c\u00f3 th\u1ec3 b\u1ea3o v\u1ec7 \u0111\u1ed3ng \u0111\u1ed9i v\u00e0 ki\u1ec3m so\u00e1t s\u1ee9c m\u1ea1nh b\u00ean trong m\u00ecnh? M\u1ed9t t\u1eadp truy\u1ec7n ngh\u1eb9t th\u1edf v\u1edbi di\u1ec5n bi\u1ebfn nhanh v\u00e0 \u0111\u1ea7y k\u1ecbch t\u00ednh, kh\u00f4ng th\u1ec3 b\u1ecf qua!<\/p>\n<p data-start=\"621\" data-end=\"1158\"><strong data-start=\"621\" data-end=\"681\">2. Neon Genesis Evangelion &#8211; Collector\u2019s Edition &#8211; T\u1eadp 2<\/strong><br data-start=\"681\" data-end=\"684\" \/>\u1ea4n b\u1ea3n \u0111\u1eb7c bi\u1ec7t v\u1edbi b\u00eca c\u1ee9ng sang tr\u1ecdng v\u00e0 in m\u00e0u trang \u0111\u1ea7u! Trong t\u1eadp 2, Shinji ti\u1ebfp t\u1ee5c qu\u00e1 tr\u00ecnh l\u00e0m quen v\u1edbi cu\u1ed9c s\u1ed1ng t\u1ea1i NERV v\u00e0 vai tr\u00f2 phi c\u00f4ng Evangelion. C\u1ea3m x\u00fac d\u1ed3n n\u00e9n, m\u1ed1i quan h\u1ec7 ph\u1ee9c t\u1ea1p v\u1edbi Rei Ayanami v\u00e0 Gendo \u2013 cha ru\u1ed9t anh \u2013 d\u1ea7n \u0111\u01b0\u1ee3c khai m\u1edf. T\u1eadp truy\u1ec7n kh\u00f4ng ch\u1ec9 l\u00e0 nh\u1eefng tr\u1eadn chi\u1ebfn c\u0103ng th\u1eb3ng v\u1edbi Angel, m\u00e0 c\u00f2n l\u00e0 h\u00e0nh tr\u00ecnh n\u1ed9i t\u00e2m s\u00e2u s\u1eafc c\u1ee7a c\u00e1c nh\u00e2n v\u1eadt. M\u1ed9t t\u1eadp truy\u1ec7n gi\u00e0u chi\u1ec1u s\u00e2u t\u00e2m l\u00fd, \u0111\u01b0\u1ee3c th\u1ec3 hi\u1ec7n qua n\u00e9t v\u1ebd tinh t\u1ebf c\u1ee7a Yoshiyuki Sadamoto.<\/p>\n","protected":false},"excerpt":{"rendered":"<p data-start=\"56\" data-end=\"147\"><strong data-start=\"56\" data-end=\"147\">COMBO 2: MONSTER #8 &#8211; T\u1eadp 10 + Neon Genesis Evangelion &#8211; Collector\u2019s Edition &#8211; T\u1eadp 2<\/strong><\/p>\n<p data-start=\"149\" data-end=\"294\">\u2022 <strong data-start=\"151\" data-end=\"174\">MONSTER #8 &#8211; T\u1eadp 10<\/strong>: Tr\u1eadn chi\u1ebfn c\u0103ng th\u1eb3ng gi\u1eefa Kafka v\u00e0 Kaiju b\u01b0\u1edbc v\u00e0o giai \u0111o\u1ea1n quy\u1ebft \u0111\u1ecbnh, b\u00ed m\u1eadt d\u1ea7n h\u00e9 l\u1ed9, k\u1ecbch t\u00ednh \u0111\u1ea9y l\u00ean cao tr\u00e0o.<\/p>\n<p data-start=\"296\" data-end=\"462\">\u2022 <strong data-start=\"298\" data-end=\"342\">Evangelion &#8211; Collector\u2019s Edition &#8211; T\u1eadp 2<\/strong>: Shinji \u0111\u1ed1i m\u1eb7t v\u1edbi \u00e1p l\u1ef1c l\u00e0m phi c\u00f4ng Eva v\u00e0 nh\u1eefng xung \u0111\u1ed9t n\u1ed9i t\u00e2m s\u00e2u s\u1eafc. \u1ea4n b\u1ea3n s\u01b0u t\u1ea7m \u0111\u1eb9p m\u1eaft, kh\u00f4ng th\u1ec3 b\u1ecf l\u1ee1!<\/p>\n","protected":false},"featured_media":170,"comment_status":"open","ping_status":"closed","template":"","meta":[],"product_brand":[],"product_cat":[18],"product_tag":[],"class_list":{"0":"post-169","1":"product","2":"type-product","3":"status-publish","4":"has-post-thumbnail","6":"product_cat-chua-phan-loai","8":"first","9":"outofstock","10":"sale","11":"taxable","12":"shipping-taxable","13":"purchasable","14":"product-type-simple"},"ams_default_variation_id":0,"ams_product_points_reward":[],"ams_product_discount_percentage":21.43,"ams_price_to_display":110000,"ams_acf":[],"yoast_head":"<!-- This site is optimized with the Yoast SEO plugin v25.6 - https:\/\/yoast.com\/wordpress\/plugins\/seo\/ -->\n<title>COMBO 2: MONSTER #8 - T\u1eadp 10 + Neon Genesis Evangelion - Collector\u2019s Edition - T\u1eadp 2 - Manga Hobbies<\/title>\n<meta name=\"robots\" content=\"index, follow, max-snippet:-1, max-image-preview:large, max-video-preview:-1\" \/>\n<link rel=\"canonical\" href=\"https:\/\/mangahobbies.click\/?product=monster-8-tap-10\" \/>\n<meta property=\"og:locale\" content=\"vi_VN\" \/>\n<meta property=\"og:type\" content=\"article\" \/>\n<meta property=\"og:title\" content=\"COMBO 2: MONSTER #8 - T\u1eadp 10 + Neon Genesis Evangelion - Collector\u2019s Edition - T\u1eadp 2 - Manga Hobbies\" \/>\n<meta property=\"og:description\" content=\"COMBO 2: MONSTER #8 - T\u1eadp 10 + Neon Genesis Evangelion - Collector\u2019s Edition - T\u1eadp 2 \u2022 MONSTER #8 - T\u1eadp 10: Tr\u1eadn chi\u1ebfn c\u0103ng th\u1eb3ng gi\u1eefa Kafka v\u00e0 Kaiju b\u01b0\u1edbc v\u00e0o giai \u0111o\u1ea1n quy\u1ebft \u0111\u1ecbnh, b\u00ed m\u1eadt d\u1ea7n h\u00e9 l\u1ed9, k\u1ecbch t\u00ednh \u0111\u1ea9y l\u00ean cao tr\u00e0o. \u2022 Evangelion - Collector\u2019s Edition - T\u1eadp 2: Shinji \u0111\u1ed1i m\u1eb7t v\u1edbi \u00e1p l\u1ef1c l\u00e0m phi c\u00f4ng Eva v\u00e0 nh\u1eefng xung \u0111\u1ed9t n\u1ed9i t\u00e2m s\u00e2u s\u1eafc. \u1ea4n b\u1ea3n s\u01b0u t\u1ea7m \u0111\u1eb9p m\u1eaft, kh\u00f4ng th\u1ec3 b\u1ecf l\u1ee1!\" \/>\n<meta property=\"og:url\" content=\"https:\/\/mangahobbies.click\/?product=monster-8-tap-10\" \/>\n<meta property=\"og:site_name\" content=\"Manga Hobbies\" \/>\n<meta property=\"article:modified_time\" content=\"2025-06-26T03:56:09+00:00\" \/>\n<meta property=\"og:image\" content=\"https:\/\/mangahobbies.click\/wp-content\/uploads\/2025\/06\/z6703672293645_e109aad56dd899e025d5bc36a8a4b4c2.jpg\" \/>\n\t<meta property=\"og:image:width\" content=\"720\" \/>\n\t<meta property=\"og:image:height\" content=\"1080\" \/>\n\t<meta property=\"og:image:type\" content=\"image\/jpeg\" \/>\n<meta name=\"twitter:card\" content=\"summary_large_image\" \/>\n<meta name=\"twitter:label1\" content=\"\u01af\u1edbc t\u00ednh th\u1eddi gian \u0111\u1ecdc\" \/>\n\t<meta name=\"twitter:data1\" content=\"2 ph\u00fat\" \/>\n<script type=\"application\/ld+json\" class=\"yoast-schema-graph\">{\"@context\":\"https:\/\/schema.org\",\"@graph\":[{\"@type\":\"WebPage\",\"@id\":\"https:\/\/mangahobbies.click\/?product=monster-8-tap-10\",\"url\":\"https:\/\/mangahobbies.click\/?product=monster-8-tap-10\",\"name\":\"COMBO 2: MONSTER #8 - T\u1eadp 10 + Neon Genesis Evangelion - Collector\u2019s Edition - T\u1eadp 2 - Manga Hobbies\",\"isPartOf\":{\"@id\":\"https:\/\/mangahobbies.click\/#website\"},\"primaryImageOfPage\":{\"@id\":\"https:\/\/mangahobbies.click\/?product=monster-8-tap-10#primaryimage\"},\"image\":{\"@id\":\"https:\/\/mangahobbies.click\/?product=monster-8-tap-10#primaryimage\"},\"thumbnailUrl\":\"https:\/\/mangahobbies.click\/wp-content\/uploads\/2025\/06\/z6703672293645_e109aad56dd899e025d5bc36a8a4b4c2.jpg\",\"datePublished\":\"2025-06-14T04:15:10+00:00\",\"dateModified\":\"2025-06-26T03:56:09+00:00\",\"breadcrumb\":{\"@id\":\"https:\/\/mangahobbies.click\/?product=monster-8-tap-10#breadcrumb\"},\"inLanguage\":\"vi\",\"potentialAction\":[{\"@type\":\"ReadAction\",\"target\":[\"https:\/\/mangahobbies.click\/?product=monster-8-tap-10\"]}]},{\"@type\":\"ImageObject\",\"inLanguage\":\"vi\",\"@id\":\"https:\/\/mangahobbies.click\/?product=monster-8-tap-10#primaryimage\",\"url\":\"https:\/\/mangahobbies.click\/wp-content\/uploads\/2025\/06\/z6703672293645_e109aad56dd899e025d5bc36a8a4b4c2.jpg\",\"contentUrl\":\"https:\/\/mangahobbies.click\/wp-content\/uploads\/2025\/06\/z6703672293645_e109aad56dd899e025d5bc36a8a4b4c2.jpg\",\"width\":720,\"height\":1080},{\"@type\":\"BreadcrumbList\",\"@id\":\"https:\/\/mangahobbies.click\/?product=monster-8-tap-10#breadcrumb\",\"itemListElement\":[{\"@type\":\"ListItem\",\"position\":1,\"name\":\"Trang ch\u1ee7\",\"item\":\"https:\/\/mangahobbies.click\/\"},{\"@type\":\"ListItem\",\"position\":2,\"name\":\"C\u1eeda h\u00e0ng\",\"item\":\"https:\/\/mangahobbies.click\/?page_id=19\"},{\"@type\":\"ListItem\",\"position\":3,\"name\":\"COMBO 2: MONSTER #8 &#8211; T\u1eadp 10 + Neon Genesis Evangelion &#8211; Collector\u2019s Edition &#8211; T\u1eadp 2\"}]},{\"@type\":\"WebSite\",\"@id\":\"https:\/\/mangahobbies.click\/#website\",\"url\":\"https:\/\/mangahobbies.click\/\",\"name\":\"Manga Hobbies\",\"description\":\"\",\"publisher\":{\"@id\":\"https:\/\/mangahobbies.click\/#organization\"},\"potentialAction\":[{\"@type\":\"SearchAction\",\"target\":{\"@type\":\"EntryPoint\",\"urlTemplate\":\"https:\/\/mangahobbies.click\/?s={search_term_string}\"},\"query-input\":{\"@type\":\"PropertyValueSpecification\",\"valueRequired\":true,\"valueName\":\"search_term_string\"}}],\"inLanguage\":\"vi\"},{\"@type\":\"Organization\",\"@id\":\"https:\/\/mangahobbies.click\/#organization\",\"name\":\"Manga Hobbies\",\"url\":\"https:\/\/mangahobbies.click\/\",\"logo\":{\"@type\":\"ImageObject\",\"inLanguage\":\"vi\",\"@id\":\"https:\/\/mangahobbies.click\/#\/schema\/logo\/image\/\",\"url\":\"https:\/\/mangahobbies.click\/wp-content\/uploads\/2025\/05\/Beige-Red-Minimalist-Pastry-Bakery-Logo-6.png\",\"contentUrl\":\"https:\/\/mangahobbies.click\/wp-content\/uploads\/2025\/05\/Beige-Red-Minimalist-Pastry-Bakery-Logo-6.png\",\"width\":500,\"height\":500,\"caption\":\"Manga Hobbies\"},\"image\":{\"@id\":\"https:\/\/mangahobbies.click\/#\/schema\/logo\/image\/\"}}]}<\/script>\n<!-- \/ Yoast SEO plugin. -->","yoast_head_json":{"title":"COMBO 2: MONSTER #8 - T\u1eadp 10 + Neon Genesis Evangelion - Collector\u2019s Edition - T\u1eadp 2 - Manga Hobbies","robots":{"index":"index","follow":"follow","max-snippet":"max-snippet:-1","max-image-preview":"max-image-preview:large","max-video-preview":"max-video-preview:-1"},"canonical":"https:\/\/mangahobbies.click\/?product=monster-8-tap-10","og_locale":"vi_VN","og_type":"article","og_title":"COMBO 2: MONSTER #8 - T\u1eadp 10 + Neon Genesis Evangelion - Collector\u2019s Edition - T\u1eadp 2 - Manga Hobbies","og_description":"COMBO 2: MONSTER #8 - T\u1eadp 10 + Neon Genesis Evangelion - Collector\u2019s Edition - T\u1eadp 2 \u2022 MONSTER #8 - T\u1eadp 10: Tr\u1eadn chi\u1ebfn c\u0103ng th\u1eb3ng gi\u1eefa Kafka v\u00e0 Kaiju b\u01b0\u1edbc v\u00e0o giai \u0111o\u1ea1n quy\u1ebft \u0111\u1ecbnh, b\u00ed m\u1eadt d\u1ea7n h\u00e9 l\u1ed9, k\u1ecbch t\u00ednh \u0111\u1ea9y l\u00ean cao tr\u00e0o. \u2022 Evangelion - Collector\u2019s Edition - T\u1eadp 2: Shinji \u0111\u1ed1i m\u1eb7t v\u1edbi \u00e1p l\u1ef1c l\u00e0m phi c\u00f4ng Eva v\u00e0 nh\u1eefng xung \u0111\u1ed9t n\u1ed9i t\u00e2m s\u00e2u s\u1eafc. \u1ea4n b\u1ea3n s\u01b0u t\u1ea7m \u0111\u1eb9p m\u1eaft, kh\u00f4ng th\u1ec3 b\u1ecf l\u1ee1!","og_url":"https:\/\/mangahobbies.click\/?product=monster-8-tap-10","og_site_name":"Manga Hobbies","article_modified_time":"2025-06-26T03:56:09+00:00","og_image":[{"width":720,"height":1080,"url":"https:\/\/mangahobbies.click\/wp-content\/uploads\/2025\/06\/z6703672293645_e109aad56dd899e025d5bc36a8a4b4c2.jpg","type":"image\/jpeg"}],"twitter_card":"summary_large_image","twitter_misc":{"\u01af\u1edbc t\u00ednh th\u1eddi gian \u0111\u1ecdc":"2 ph\u00fat"},"schema":{"@context":"https:\/\/schema.org","@graph":[{"@type":"WebPage","@id":"https:\/\/mangahobbies.click\/?product=monster-8-tap-10","url":"https:\/\/mangahobbies.click\/?product=monster-8-tap-10","name":"COMBO 2: MONSTER #8 - T\u1eadp 10 + Neon Genesis Evangelion - Collector\u2019s Edition - T\u1eadp 2 - Manga Hobbies","isPartOf":{"@id":"https:\/\/mangahobbies.click\/#website"},"primaryImageOfPage":{"@id":"https:\/\/mangahobbies.click\/?product=monster-8-tap-10#primaryimage"},"image":{"@id":"https:\/\/mangahobbies.click\/?product=monster-8-tap-10#primaryimage"},"thumbnailUrl":"https:\/\/mangahobbies.click\/wp-content\/uploads\/2025\/06\/z6703672293645_e109aad56dd899e025d5bc36a8a4b4c2.jpg","datePublished":"2025-06-14T04:15:10+00:00","dateModified":"2025-06-26T03:56:09+00:00","breadcrumb":{"@id":"https:\/\/mangahobbies.click\/?product=monster-8-tap-10#breadcrumb"},"inLanguage":"vi","potentialAction":[{"@type":"ReadAction","target":["https:\/\/mangahobbies.click\/?product=monster-8-tap-10"]}]},{"@type":"ImageObject","inLanguage":"vi","@id":"https:\/\/mangahobbies.click\/?product=monster-8-tap-10#primaryimage","url":"https:\/\/mangahobbies.click\/wp-content\/uploads\/2025\/06\/z6703672293645_e109aad56dd899e025d5bc36a8a4b4c2.jpg","contentUrl":"https:\/\/mangahobbies.click\/wp-content\/uploads\/2025\/06\/z6703672293645_e109aad56dd899e025d5bc36a8a4b4c2.jpg","width":720,"height":1080},{"@type":"BreadcrumbList","@id":"https:\/\/mangahobbies.click\/?product=monster-8-tap-10#breadcrumb","itemListElement":[{"@type":"ListItem","position":1,"name":"Trang ch\u1ee7","item":"https:\/\/mangahobbies.click\/"},{"@type":"ListItem","position":2,"name":"C\u1eeda h\u00e0ng","item":"https:\/\/mangahobbies.click\/?page_id=19"},{"@type":"ListItem","position":3,"name":"COMBO 2: MONSTER #8 &#8211; T\u1eadp 10 + Neon Genesis Evangelion &#8211; Collector\u2019s Edition &#8211; T\u1eadp 2"}]},{"@type":"WebSite","@id":"https:\/\/mangahobbies.click\/#website","url":"https:\/\/mangahobbies.click\/","name":"Manga Hobbies","description":"","publisher":{"@id":"https:\/\/mangahobbies.click\/#organization"},"potentialAction":[{"@type":"SearchAction","target":{"@type":"EntryPoint","urlTemplate":"https:\/\/mangahobbies.click\/?s={search_term_string}"},"query-input":{"@type":"PropertyValueSpecification","valueRequired":true,"valueName":"search_term_string"}}],"inLanguage":"vi"},{"@type":"Organization","@id":"https:\/\/mangahobbies.click\/#organization","name":"Manga Hobbies","url":"https:\/\/mangahobbies.click\/","logo":{"@type":"ImageObject","inLanguage":"vi","@id":"https:\/\/mangahobbies.click\/#\/schema\/logo\/image\/","url":"https:\/\/mangahobbies.click\/wp-content\/uploads\/2025\/05\/Beige-Red-Minimalist-Pastry-Bakery-Logo-6.png","contentUrl":"https:\/\/mangahobbies.click\/wp-content\/uploads\/2025\/05\/Beige-Red-Minimalist-Pastry-Bakery-Logo-6.png","width":500,"height":500,"caption":"Manga Hobbies"},"image":{"@id":"https:\/\/mangahobbies.click\/#\/schema\/logo\/image\/"}}]}},"jetpack_sharing_enabled":true,"_links":{"self":[{"href":"https:\/\/mangahobbies.click\/index.php?rest_route=\/wp\/v2\/product\/169","targetHints":{"allow":["GET"]}}],"collection":[{"href":"https:\/\/mangahobbies.click\/index.php?rest_route=\/wp\/v2\/product"}],"about":[{"href":"https:\/\/mangahobbies.click\/index.php?rest_route=\/wp\/v2\/types\/product"}],"replies":[{"embeddable":true,"href":"https:\/\/mangahobbies.click\/index.php?rest_route=%2Fwp%2Fv2%2Fcomments&post=169"}],"wp:featuredmedia":[{"embeddable":true,"href":"https:\/\/mangahobbies.click\/index.php?rest_route=\/wp\/v2\/media\/170"}],"wp:attachment":[{"href":"https:\/\/mangahobbies.click\/index.php?rest_route=%2Fwp%2Fv2%2Fmedia&parent=169"}],"wp:term":[{"taxonomy":"product_brand","embeddable":true,"href":"https:\/\/mangahobbies.click\/index.php?rest_route=%2Fwp%2Fv2%2Fproduct_brand&post=169"},{"taxonomy":"product_cat","embeddable":true,"href":"https:\/\/mangahobbies.click\/index.php?rest_route=%2Fwp%2Fv2%2Fproduct_cat&post=169"},{"taxonomy":"product_tag","embeddable":true,"href":"https:\/\/mangahobbies.click\/index.php?rest_route=%2Fwp%2Fv2%2Fproduct_tag&post=169"}],"curies":[{"name":"wp","href":"https:\/\/api.w.org\/{rel}","templated":true}]}}