{"id":250,"date":"2026-01-23T01:55:35","date_gmt":"2026-01-23T01:55:35","guid":{"rendered":"https:\/\/mangahobbies.click\/?page_id=250"},"modified":"2026-01-23T01:55:37","modified_gmt":"2026-01-23T01:55:37","slug":"danh-gia-website","status":"publish","type":"page","link":"https:\/\/mangahobbies.click\/?page_id=250","title":{"rendered":"\u0110\u00e1nh gi\u00e1 Website"},"content":{"rendered":"\n<div class=\"wp-block-group alignfull has-global-padding is-layout-constrained wp-container-core-group-is-layout-490fa1db wp-block-group-is-layout-constrained\" style=\"padding-top:var(--wp--preset--spacing--50);padding-right:var(--wp--preset--spacing--50);padding-bottom:var(--wp--preset--spacing--50);padding-left:var(--wp--preset--spacing--50)\">\n<div class=\"wp-block-group has-global-padding is-layout-constrained wp-container-core-group-is-layout-650790e1 wp-block-group-is-layout-constrained\">\n<h1 class=\"wp-block-heading has-text-align-center has-x-large-font-size\"><strong>Cam \u0111oan v\u1edbi kh\u00e1ch h\u00e0ng<\/strong><\/h1>\n\n\n\n<div style=\"height:1.25rem\" aria-hidden=\"true\" class=\"wp-block-spacer\"><\/div>\n\n\n\n<p class=\"has-text-align-center\"><br>Website Manga Hobbies cam k\u1ebft ho\u1ea1t \u0111\u1ed9ng <strong>minh b\u1ea1ch \u2013 an to\u00e0n \u2013 d\u1ec5 s\u1eed d\u1ee5ng<\/strong>. M\u1ecdi th\u00f4ng tin tr\u00ean website \u0111\u01b0\u1ee3c c\u1eadp nh\u1eadt r\u00f5 r\u00e0ng, ch\u00ednh x\u00e1c. Ch\u00fang t\u00f4i <strong>b\u1ea3o m\u1eadt tuy\u1ec7t \u0111\u1ed1i th\u00f4ng tin kh\u00e1ch h\u00e0ng<\/strong>, kh\u00f4ng chia s\u1ebb cho b\u00ean th\u1ee9 ba v\u00e0 lu\u00f4n s\u1eb5n s\u00e0ng h\u1ed7 tr\u1ee3 khi kh\u00e1ch h\u00e0ng c\u1ea7n.<\/p>\n\n\n\n<div style=\"height:1.25rem\" aria-hidden=\"true\" class=\"wp-block-spacer\"><\/div>\n<\/div>\n\n\n\n<div style=\"height:var(--wp--preset--spacing--30)\" aria-hidden=\"true\" class=\"wp-block-spacer\"><\/div>\n\n\n\n<figure class=\"wp-block-image aligncenter size-full is-resized is-style-rounded wp-duotone-f9f9f9-201717-2 is-style-rounded--1\"><img loading=\"lazy\" decoding=\"async\" width=\"960\" height=\"540\" src=\"https:\/\/mangahobbies.click\/wp-content\/uploads\/2025\/05\/500273131_122098402442892004_1363554158967002094_n.png\" alt=\"\" class=\"wp-image-236\" style=\"aspect-ratio:1.347093970668115;width:565px;height:auto\" srcset=\"https:\/\/mangahobbies.click\/wp-content\/uploads\/2025\/05\/500273131_122098402442892004_1363554158967002094_n.png 960w, https:\/\/mangahobbies.click\/wp-content\/uploads\/2025\/05\/500273131_122098402442892004_1363554158967002094_n-300x169.png 300w, https:\/\/mangahobbies.click\/wp-content\/uploads\/2025\/05\/500273131_122098402442892004_1363554158967002094_n-768x432.png 768w, https:\/\/mangahobbies.click\/wp-content\/uploads\/2025\/05\/500273131_122098402442892004_1363554158967002094_n-600x338.png 600w\" sizes=\"auto, (max-width: 960px) 100vw, 960px\" \/><\/figure>\n<\/div>\n\n\n\n<div class=\"wp-block-comments\"><h2 id=\"comments\" class=\"wp-block-comments-title\"> 5 b\u00ecnh lu\u1eadn cho &#8220;\u0110\u00e1nh gi\u00e1 Website&#8221;<\/h2>\n\n<ol class=\"wp-block-comment-template\"><li id=\"comment-14\" class=\"comment byuser comment-author-admin_ah96ufu9 bypostauthor even thread-even depth-1\">\n\n<div class=\"wp-block-columns is-layout-flex wp-container-core-columns-is-layout-28f84493 wp-block-columns-is-layout-flex\">\n<div class=\"wp-block-column is-layout-flow wp-block-column-is-layout-flow\" style=\"flex-basis:40px\"><div class=\"wp-block-avatar\"><img alt='\u1ea2nh \u0111\u1ea1i di\u1ec7n Linh \u0110\u1eb9p G\u00e1i' src='https:\/\/secure.gravatar.com\/avatar\/75d7011e1b66ea8c108280fa2025694e802fb196ef20eeed32384b7b64e4fca8?s=40&#038;d=mm&#038;r=g' srcset='https:\/\/secure.gravatar.com\/avatar\/75d7011e1b66ea8c108280fa2025694e802fb196ef20eeed32384b7b64e4fca8?s=80&#038;d=mm&#038;r=g 2x' class='avatar avatar-40 photo wp-block-avatar__image' height='40' width='40'  style=\"border-radius:20px;\"\/><\/div><\/div>\n\n\n\n<div class=\"wp-block-column is-layout-flow wp-block-column-is-layout-flow\"><div class=\"wp-block-comment-author-name has-small-font-size\"><a rel=\"external nofollow ugc\" href=\"https:\/\/mangahobbies.click\" target=\"_self\" >Linh \u0110\u1eb9p G\u00e1i<\/a><\/div>\n\n\n<div class=\"wp-block-group is-layout-flex wp-block-group-is-layout-flex\" style=\"margin-top:0px;margin-bottom:0px\"><div class=\"wp-block-comment-date has-small-font-size\"><time datetime=\"2026-01-23T01:56:19+00:00\"><a href=\"https:\/\/mangahobbies.click\/?page_id=250#comment-14\">Th\u00e1ng 1 23, 2026<\/a><\/time><\/div>\n\n<\/div>\n\n\n<div class=\"wp-block-comment-content\"><p>Giao di\u1ec7n website nh\u00ecn kh\u00e1 \u0111\u1eb9p v\u00e0 \u0111\u00fang ch\u1ee7 \u0111\u1ec1 truy\u1ec7n tranh, m\u00e0u s\u1eafc \u0111\u1ed3ng b\u1ed9, t\u1ea1o c\u1ea3m gi\u00e1c ph\u00f9 h\u1ee3p v\u1edbi ng\u01b0\u1eddi y\u00eau manga.<\/p>\n<\/div>\n\n<div class=\"wp-block-comment-reply-link has-small-font-size\"><a rel=\"nofollow\" class=\"comment-reply-link\" href=\"#comment-14\" data-commentid=\"14\" data-postid=\"250\" data-belowelement=\"comment-14\" data-respondelement=\"respond\" data-replyto=\"Tr\u1ea3 l\u1eddi \u0111\u1ebfn Linh \u0110\u1eb9p G\u00e1i\" aria-label=\"Tr\u1ea3 l\u1eddi \u0111\u1ebfn Linh \u0110\u1eb9p G\u00e1i\">B\u00ecnh lu\u1eadn<\/a><\/div><\/div>\n<\/div>\n\n<\/li><li id=\"comment-15\" class=\"comment byuser comment-author-admin_ah96ufu9 bypostauthor odd alt thread-odd thread-alt depth-1\">\n\n<div class=\"wp-block-columns is-layout-flex wp-container-core-columns-is-layout-28f84493 wp-block-columns-is-layout-flex\">\n<div class=\"wp-block-column is-layout-flow wp-block-column-is-layout-flow\" style=\"flex-basis:40px\"><div class=\"wp-block-avatar\"><img alt='\u1ea2nh \u0111\u1ea1i di\u1ec7n Vy Cuti' src='https:\/\/secure.gravatar.com\/avatar\/75d7011e1b66ea8c108280fa2025694e802fb196ef20eeed32384b7b64e4fca8?s=40&#038;d=mm&#038;r=g' srcset='https:\/\/secure.gravatar.com\/avatar\/75d7011e1b66ea8c108280fa2025694e802fb196ef20eeed32384b7b64e4fca8?s=80&#038;d=mm&#038;r=g 2x' class='avatar avatar-40 photo wp-block-avatar__image' height='40' width='40'  style=\"border-radius:20px;\"\/><\/div><\/div>\n\n\n\n<div class=\"wp-block-column is-layout-flow wp-block-column-is-layout-flow\"><div class=\"wp-block-comment-author-name has-small-font-size\"><a rel=\"external nofollow ugc\" href=\"https:\/\/mangahobbies.click\" target=\"_self\" >Vy Cuti<\/a><\/div>\n\n\n<div class=\"wp-block-group is-layout-flex wp-block-group-is-layout-flex\" style=\"margin-top:0px;margin-bottom:0px\"><div class=\"wp-block-comment-date has-small-font-size\"><time datetime=\"2026-01-23T01:58:59+00:00\"><a href=\"https:\/\/mangahobbies.click\/?page_id=250#comment-15\">Th\u00e1ng 1 23, 2026<\/a><\/time><\/div>\n\n<\/div>\n\n\n<div class=\"wp-block-comment-content\"><p>Ph\u1ea7n menu v\u00e0 thanh t\u00ecm ki\u1ebfm d\u1ec5 nh\u00ecn, tuy nhi\u00ean thanh t\u00ecm ki\u1ebfm h\u01a1i nh\u1ecf v\u00e0 n\u1eb1m l\u1ec7ch v\u1ec1 b\u00ean ph\u1ea3i n\u00ean m\u00ecnh m\u1ea5t m\u1ed9t ch\u00fat th\u1eddi gian m\u1edbi \u0111\u1ec3 \u00fd.<\/p>\n<\/div>\n\n<div class=\"wp-block-comment-reply-link has-small-font-size\"><a rel=\"nofollow\" class=\"comment-reply-link\" href=\"#comment-15\" data-commentid=\"15\" data-postid=\"250\" data-belowelement=\"comment-15\" data-respondelement=\"respond\" data-replyto=\"Tr\u1ea3 l\u1eddi \u0111\u1ebfn Vy Cuti\" aria-label=\"Tr\u1ea3 l\u1eddi \u0111\u1ebfn Vy Cuti\">B\u00ecnh lu\u1eadn<\/a><\/div><\/div>\n<\/div>\n\n<\/li><li id=\"comment-16\" class=\"comment byuser comment-author-admin_ah96ufu9 bypostauthor even thread-even depth-1\">\n\n<div class=\"wp-block-columns is-layout-flex wp-container-core-columns-is-layout-28f84493 wp-block-columns-is-layout-flex\">\n<div class=\"wp-block-column is-layout-flow wp-block-column-is-layout-flow\" style=\"flex-basis:40px\"><div class=\"wp-block-avatar\"><img alt='\u1ea2nh \u0111\u1ea1i di\u1ec7n H\u00e0o s\u00f3i kaa' src='https:\/\/secure.gravatar.com\/avatar\/75d7011e1b66ea8c108280fa2025694e802fb196ef20eeed32384b7b64e4fca8?s=40&#038;d=mm&#038;r=g' srcset='https:\/\/secure.gravatar.com\/avatar\/75d7011e1b66ea8c108280fa2025694e802fb196ef20eeed32384b7b64e4fca8?s=80&#038;d=mm&#038;r=g 2x' class='avatar avatar-40 photo wp-block-avatar__image' height='40' width='40'  style=\"border-radius:20px;\"\/><\/div><\/div>\n\n\n\n<div class=\"wp-block-column is-layout-flow wp-block-column-is-layout-flow\"><div class=\"wp-block-comment-author-name has-small-font-size\"><a rel=\"external nofollow ugc\" href=\"https:\/\/mangahobbies.click\" target=\"_self\" >H\u00e0o s\u00f3i kaa<\/a><\/div>\n\n\n<div class=\"wp-block-group is-layout-flex wp-block-group-is-layout-flex\" style=\"margin-top:0px;margin-bottom:0px\"><div class=\"wp-block-comment-date has-small-font-size\"><time datetime=\"2026-01-23T01:59:12+00:00\"><a href=\"https:\/\/mangahobbies.click\/?page_id=250#comment-16\">Th\u00e1ng 1 23, 2026<\/a><\/time><\/div>\n\n<\/div>\n\n\n<div class=\"wp-block-comment-content\"><p>Trang gi\u1edbi thi\u1ec7u c\u00f3 h\u00ecnh n\u1ec1n b\u1eaft m\u1eaft nh\u01b0ng ch\u1eef \u1edf ph\u1ea7n ti\u00eau \u0111\u1ec1 ch\u01b0a th\u1eadt s\u1ef1 n\u1ed5i b\u1eadt so v\u1edbi background, \u0111\u1ecdc h\u01a1i kh\u00f3 khi nh\u00ecn l\u00e2u.<\/p>\n<\/div>\n\n<div class=\"wp-block-comment-reply-link has-small-font-size\"><a rel=\"nofollow\" class=\"comment-reply-link\" href=\"#comment-16\" data-commentid=\"16\" data-postid=\"250\" data-belowelement=\"comment-16\" data-respondelement=\"respond\" data-replyto=\"Tr\u1ea3 l\u1eddi \u0111\u1ebfn H\u00e0o s\u00f3i kaa\" aria-label=\"Tr\u1ea3 l\u1eddi \u0111\u1ebfn H\u00e0o s\u00f3i kaa\">B\u00ecnh lu\u1eadn<\/a><\/div><\/div>\n<\/div>\n\n<\/li><li id=\"comment-17\" class=\"comment byuser comment-author-admin_ah96ufu9 bypostauthor odd alt thread-odd thread-alt depth-1\">\n\n<div class=\"wp-block-columns is-layout-flex wp-container-core-columns-is-layout-28f84493 wp-block-columns-is-layout-flex\">\n<div class=\"wp-block-column is-layout-flow wp-block-column-is-layout-flow\" style=\"flex-basis:40px\"><div class=\"wp-block-avatar\"><img alt='\u1ea2nh \u0111\u1ea1i di\u1ec7n H\u00e2n BH' src='https:\/\/secure.gravatar.com\/avatar\/75d7011e1b66ea8c108280fa2025694e802fb196ef20eeed32384b7b64e4fca8?s=40&#038;d=mm&#038;r=g' srcset='https:\/\/secure.gravatar.com\/avatar\/75d7011e1b66ea8c108280fa2025694e802fb196ef20eeed32384b7b64e4fca8?s=80&#038;d=mm&#038;r=g 2x' class='avatar avatar-40 photo wp-block-avatar__image' height='40' width='40'  style=\"border-radius:20px;\"\/><\/div><\/div>\n\n\n\n<div class=\"wp-block-column is-layout-flow wp-block-column-is-layout-flow\"><div class=\"wp-block-comment-author-name has-small-font-size\"><a rel=\"external nofollow ugc\" href=\"https:\/\/mangahobbies.click\" target=\"_self\" >H\u00e2n BH<\/a><\/div>\n\n\n<div class=\"wp-block-group is-layout-flex wp-block-group-is-layout-flex\" style=\"margin-top:0px;margin-bottom:0px\"><div class=\"wp-block-comment-date has-small-font-size\"><time datetime=\"2026-01-23T01:59:25+00:00\"><a href=\"https:\/\/mangahobbies.click\/?page_id=250#comment-17\">Th\u00e1ng 1 23, 2026<\/a><\/time><\/div>\n\n<\/div>\n\n\n<div class=\"wp-block-comment-content\"><p>M\u00ecnh th\u1ea5y s\u1ea3n ph\u1ea9m khuy\u1ebfn m\u00e3i \u0111\u01b0\u1ee3c hi\u1ec3n th\u1ecb r\u00f5 r\u00e0ng, nh\u01b0ng ch\u01b0a c\u00f3 n\u00fat l\u1ecdc theo th\u1ec3 lo\u1ea1i n\u00ean vi\u1ec7c t\u00ecm truy\u1ec7n m\u00ecnh th\u00edch c\u00f2n m\u1ea5t th\u1eddi gian.<\/p>\n<\/div>\n\n<div class=\"wp-block-comment-reply-link has-small-font-size\"><a rel=\"nofollow\" class=\"comment-reply-link\" href=\"#comment-17\" data-commentid=\"17\" data-postid=\"250\" data-belowelement=\"comment-17\" data-respondelement=\"respond\" data-replyto=\"Tr\u1ea3 l\u1eddi \u0111\u1ebfn H\u00e2n BH\" aria-label=\"Tr\u1ea3 l\u1eddi \u0111\u1ebfn H\u00e2n BH\">B\u00ecnh lu\u1eadn<\/a><\/div><\/div>\n<\/div>\n\n<\/li><li id=\"comment-18\" class=\"comment byuser comment-author-admin_ah96ufu9 bypostauthor even thread-even depth-1\">\n\n<div class=\"wp-block-columns is-layout-flex wp-container-core-columns-is-layout-28f84493 wp-block-columns-is-layout-flex\">\n<div class=\"wp-block-column is-layout-flow wp-block-column-is-layout-flow\" style=\"flex-basis:40px\"><div class=\"wp-block-avatar\"><img alt='\u1ea2nh \u0111\u1ea1i di\u1ec7n B\u00ecnh n\u00fang n\u00ednh' src='https:\/\/secure.gravatar.com\/avatar\/75d7011e1b66ea8c108280fa2025694e802fb196ef20eeed32384b7b64e4fca8?s=40&#038;d=mm&#038;r=g' srcset='https:\/\/secure.gravatar.com\/avatar\/75d7011e1b66ea8c108280fa2025694e802fb196ef20eeed32384b7b64e4fca8?s=80&#038;d=mm&#038;r=g 2x' class='avatar avatar-40 photo wp-block-avatar__image' height='40' width='40'  style=\"border-radius:20px;\"\/><\/div><\/div>\n\n\n\n<div class=\"wp-block-column is-layout-flow wp-block-column-is-layout-flow\"><div class=\"wp-block-comment-author-name has-small-font-size\"><a rel=\"external nofollow ugc\" href=\"https:\/\/mangahobbies.click\" target=\"_self\" >B\u00ecnh n\u00fang n\u00ednh<\/a><\/div>\n\n\n<div class=\"wp-block-group is-layout-flex wp-block-group-is-layout-flex\" style=\"margin-top:0px;margin-bottom:0px\"><div class=\"wp-block-comment-date has-small-font-size\"><time datetime=\"2026-01-23T01:59:38+00:00\"><a href=\"https:\/\/mangahobbies.click\/?page_id=250#comment-18\">Th\u00e1ng 1 23, 2026<\/a><\/time><\/div>\n\n<\/div>\n\n\n<div class=\"wp-block-comment-content\"><p>Trang kh\u00e1 d\u00e0i, khi cu\u1ed9n xu\u1ed1ng d\u01b0\u1edbi th\u00ec m\u00ecnh kh\u00f4ng ch\u1eafc c\u00f2n n\u1ed9i dung quan tr\u1ecdng hay kh\u00f4ng, n\u1ebfu c\u00f3 g\u1ee3i \u00fd ho\u1eb7c n\u00fat \u0111i\u1ec1u h\u01b0\u1edbng th\u00ec s\u1ebd ti\u1ec7n h\u01a1n.<\/p>\n<\/div>\n\n<div class=\"wp-block-comment-reply-link has-small-font-size\"><a rel=\"nofollow\" class=\"comment-reply-link\" href=\"#comment-18\" data-commentid=\"18\" data-postid=\"250\" data-belowelement=\"comment-18\" data-respondelement=\"respond\" data-replyto=\"Tr\u1ea3 l\u1eddi \u0111\u1ebfn B\u00ecnh n\u00fang n\u00ednh\" aria-label=\"Tr\u1ea3 l\u1eddi \u0111\u1ebfn B\u00ecnh n\u00fang n\u00ednh\">B\u00ecnh lu\u1eadn<\/a><\/div><\/div>\n<\/div>\n\n<\/li><\/ol>\n\n\n\n\t<div id=\"respond\" class=\"comment-respond wp-block-post-comments-form\">\n\t\t<h3 id=\"reply-title\" class=\"comment-reply-title\">\u0110\u1ec3 l\u1ea1i m\u1ed9t b\u00ecnh lu\u1eadn <small><a rel=\"nofollow\" id=\"cancel-comment-reply-link\" href=\"\/index.php?rest_route=%2Fwp%2Fv2%2Fpages%2F250#respond\" style=\"display:none;\">H\u1ee7y<\/a><\/small><\/h3><form action=\"https:\/\/mangahobbies.click\/wp-comments-post.php\" method=\"post\" id=\"commentform\" class=\"comment-form\"><p class=\"comment-notes\"><span id=\"email-notes\">Email c\u1ee7a b\u1ea1n s\u1ebd kh\u00f4ng \u0111\u01b0\u1ee3c hi\u1ec3n th\u1ecb c\u00f4ng khai.<\/span> <span class=\"required-field-message\">C\u00e1c tr\u01b0\u1eddng b\u1eaft bu\u1ed9c \u0111\u01b0\u1ee3c \u0111\u00e1nh d\u1ea5u <span class=\"required\">*<\/span><\/span><\/p><p class=\"comment-form-comment\"><label for=\"comment\">B\u00ecnh lu\u1eadn <span class=\"required\">*<\/span><\/label> <textarea id=\"comment\" name=\"comment\" cols=\"45\" rows=\"8\" maxlength=\"65525\" required><\/textarea><\/p><p class=\"comment-form-author\"><label for=\"author\">T\u00ean <span class=\"required\">*<\/span><\/label> <input id=\"author\" name=\"author\" type=\"text\" value=\"\" size=\"30\" maxlength=\"245\" autocomplete=\"name\" required \/><\/p>\n<p class=\"comment-form-email\"><label for=\"email\">Email <span class=\"required\">*<\/span><\/label> <input id=\"email\" name=\"email\" type=\"email\" value=\"\" size=\"30\" maxlength=\"100\" aria-describedby=\"email-notes\" autocomplete=\"email\" required \/><\/p>\n<p class=\"comment-form-url\"><label for=\"url\">Trang web<\/label> <input id=\"url\" name=\"url\" type=\"url\" value=\"\" size=\"30\" maxlength=\"200\" autocomplete=\"url\" \/><\/p>\n<p class=\"form-submit wp-block-button\"><input name=\"submit\" type=\"submit\" id=\"submit\" class=\"wp-block-button__link wp-element-button\" value=\"G\u1eedi b\u00ecnh lu\u1eadn\" \/> <input type='hidden' name='comment_post_ID' value='250' id='comment_post_ID' \/>\n<input type='hidden' name='comment_parent' id='comment_parent' value='0' \/>\n<\/p><\/form>\t<\/div><!-- #respond -->\n\t<\/div>\n","protected":false},"excerpt":{"rendered":"<p>Cam \u0111oan v\u1edbi kh\u00e1ch h\u00e0ng Website Manga Hobbies cam k\u1ebft ho\u1ea1t \u0111\u1ed9ng minh b\u1ea1ch \u2013 an to\u00e0n \u2013 d\u1ec5 s\u1eed d\u1ee5ng. M\u1ecdi th\u00f4ng tin tr\u00ean website \u0111\u01b0\u1ee3c c\u1eadp nh\u1eadt r\u00f5 r\u00e0ng, ch\u00ednh x\u00e1c. Ch\u00fang t\u00f4i b\u1ea3o m\u1eadt tuy\u1ec7t \u0111\u1ed1i th\u00f4ng tin kh\u00e1ch h\u00e0ng, kh\u00f4ng chia s\u1ebb cho b\u00ean th\u1ee9 ba v\u00e0 lu\u00f4n s\u1eb5n s\u00e0ng h\u1ed7 [&hellip;]<\/p>\n","protected":false},"author":1,"featured_media":0,"parent":0,"menu_order":0,"comment_status":"open","ping_status":"closed","template":"","meta":{"footnotes":""},"class_list":["post-250","page","type-page","status-publish","hentry"],"ams_acf":[],"yoast_head":"<!-- This site is optimized with the Yoast SEO plugin v25.6 - https:\/\/yoast.com\/wordpress\/plugins\/seo\/ -->\n<title>\u0110\u00e1nh gi\u00e1 Website - Manga Hobbies<\/title>\n<meta name=\"robots\" content=\"index, follow, max-snippet:-1, max-image-preview:large, max-video-preview:-1\" \/>\n<link rel=\"canonical\" href=\"https:\/\/mangahobbies.click\/?page_id=250\" \/>\n<meta property=\"og:locale\" content=\"vi_VN\" \/>\n<meta property=\"og:type\" content=\"article\" \/>\n<meta property=\"og:title\" content=\"\u0110\u00e1nh gi\u00e1 Website - Manga Hobbies\" \/>\n<meta property=\"og:description\" content=\"Cam \u0111oan v\u1edbi kh\u00e1ch h\u00e0ng Website Manga Hobbies cam k\u1ebft ho\u1ea1t \u0111\u1ed9ng minh b\u1ea1ch \u2013 an to\u00e0n \u2013 d\u1ec5 s\u1eed d\u1ee5ng. M\u1ecdi th\u00f4ng tin tr\u00ean website \u0111\u01b0\u1ee3c c\u1eadp nh\u1eadt r\u00f5 r\u00e0ng, ch\u00ednh x\u00e1c. Ch\u00fang t\u00f4i b\u1ea3o m\u1eadt tuy\u1ec7t \u0111\u1ed1i th\u00f4ng tin kh\u00e1ch h\u00e0ng, kh\u00f4ng chia s\u1ebb cho b\u00ean th\u1ee9 ba v\u00e0 lu\u00f4n s\u1eb5n s\u00e0ng h\u1ed7 [&hellip;]\" \/>\n<meta property=\"og:url\" content=\"https:\/\/mangahobbies.click\/?page_id=250\" \/>\n<meta property=\"og:site_name\" content=\"Manga Hobbies\" \/>\n<meta property=\"article:modified_time\" content=\"2026-01-23T01:55:37+00:00\" \/>\n<meta property=\"og:image\" content=\"https:\/\/mangahobbies.click\/wp-content\/uploads\/2025\/05\/500273131_122098402442892004_1363554158967002094_n.png\" \/>\n\t<meta property=\"og:image:width\" content=\"960\" \/>\n\t<meta property=\"og:image:height\" content=\"540\" \/>\n\t<meta property=\"og:image:type\" content=\"image\/png\" \/>\n<meta name=\"twitter:card\" content=\"summary_large_image\" \/>\n<meta name=\"twitter:label1\" content=\"\u01af\u1edbc t\u00ednh th\u1eddi gian \u0111\u1ecdc\" \/>\n\t<meta name=\"twitter:data1\" content=\"1 ph\u00fat\" \/>\n<script type=\"application\/ld+json\" class=\"yoast-schema-graph\">{\"@context\":\"https:\/\/schema.org\",\"@graph\":[{\"@type\":\"WebPage\",\"@id\":\"https:\/\/mangahobbies.click\/?page_id=250\",\"url\":\"https:\/\/mangahobbies.click\/?page_id=250\",\"name\":\"\u0110\u00e1nh gi\u00e1 Website - Manga Hobbies\",\"isPartOf\":{\"@id\":\"https:\/\/mangahobbies.click\/#website\"},\"primaryImageOfPage\":{\"@id\":\"https:\/\/mangahobbies.click\/?page_id=250#primaryimage\"},\"image\":{\"@id\":\"https:\/\/mangahobbies.click\/?page_id=250#primaryimage\"},\"thumbnailUrl\":\"https:\/\/mangahobbies.click\/wp-content\/uploads\/2025\/05\/500273131_122098402442892004_1363554158967002094_n.png\",\"datePublished\":\"2026-01-23T01:55:35+00:00\",\"dateModified\":\"2026-01-23T01:55:37+00:00\",\"breadcrumb\":{\"@id\":\"https:\/\/mangahobbies.click\/?page_id=250#breadcrumb\"},\"inLanguage\":\"vi\",\"potentialAction\":[{\"@type\":\"ReadAction\",\"target\":[\"https:\/\/mangahobbies.click\/?page_id=250\"]}]},{\"@type\":\"ImageObject\",\"inLanguage\":\"vi\",\"@id\":\"https:\/\/mangahobbies.click\/?page_id=250#primaryimage\",\"url\":\"https:\/\/mangahobbies.click\/wp-content\/uploads\/2025\/05\/500273131_122098402442892004_1363554158967002094_n.png\",\"contentUrl\":\"https:\/\/mangahobbies.click\/wp-content\/uploads\/2025\/05\/500273131_122098402442892004_1363554158967002094_n.png\",\"width\":960,\"height\":540},{\"@type\":\"BreadcrumbList\",\"@id\":\"https:\/\/mangahobbies.click\/?page_id=250#breadcrumb\",\"itemListElement\":[{\"@type\":\"ListItem\",\"position\":1,\"name\":\"Trang ch\u1ee7\",\"item\":\"https:\/\/mangahobbies.click\/\"},{\"@type\":\"ListItem\",\"position\":2,\"name\":\"\u0110\u00e1nh gi\u00e1 Website\"}]},{\"@type\":\"WebSite\",\"@id\":\"https:\/\/mangahobbies.click\/#website\",\"url\":\"https:\/\/mangahobbies.click\/\",\"name\":\"Manga Hobbies\",\"description\":\"\",\"publisher\":{\"@id\":\"https:\/\/mangahobbies.click\/#organization\"},\"potentialAction\":[{\"@type\":\"SearchAction\",\"target\":{\"@type\":\"EntryPoint\",\"urlTemplate\":\"https:\/\/mangahobbies.click\/?s={search_term_string}\"},\"query-input\":{\"@type\":\"PropertyValueSpecification\",\"valueRequired\":true,\"valueName\":\"search_term_string\"}}],\"inLanguage\":\"vi\"},{\"@type\":\"Organization\",\"@id\":\"https:\/\/mangahobbies.click\/#organization\",\"name\":\"Manga Hobbies\",\"url\":\"https:\/\/mangahobbies.click\/\",\"logo\":{\"@type\":\"ImageObject\",\"inLanguage\":\"vi\",\"@id\":\"https:\/\/mangahobbies.click\/#\/schema\/logo\/image\/\",\"url\":\"https:\/\/mangahobbies.click\/wp-content\/uploads\/2025\/05\/Beige-Red-Minimalist-Pastry-Bakery-Logo-6.png\",\"contentUrl\":\"https:\/\/mangahobbies.click\/wp-content\/uploads\/2025\/05\/Beige-Red-Minimalist-Pastry-Bakery-Logo-6.png\",\"width\":500,\"height\":500,\"caption\":\"Manga Hobbies\"},\"image\":{\"@id\":\"https:\/\/mangahobbies.click\/#\/schema\/logo\/image\/\"}}]}<\/script>\n<!-- \/ Yoast SEO plugin. -->","yoast_head_json":{"title":"\u0110\u00e1nh gi\u00e1 Website - Manga Hobbies","robots":{"index":"index","follow":"follow","max-snippet":"max-snippet:-1","max-image-preview":"max-image-preview:large","max-video-preview":"max-video-preview:-1"},"canonical":"https:\/\/mangahobbies.click\/?page_id=250","og_locale":"vi_VN","og_type":"article","og_title":"\u0110\u00e1nh gi\u00e1 Website - Manga Hobbies","og_description":"Cam \u0111oan v\u1edbi kh\u00e1ch h\u00e0ng Website Manga Hobbies cam k\u1ebft ho\u1ea1t \u0111\u1ed9ng minh b\u1ea1ch \u2013 an to\u00e0n \u2013 d\u1ec5 s\u1eed d\u1ee5ng. M\u1ecdi th\u00f4ng tin tr\u00ean website \u0111\u01b0\u1ee3c c\u1eadp nh\u1eadt r\u00f5 r\u00e0ng, ch\u00ednh x\u00e1c. Ch\u00fang t\u00f4i b\u1ea3o m\u1eadt tuy\u1ec7t \u0111\u1ed1i th\u00f4ng tin kh\u00e1ch h\u00e0ng, kh\u00f4ng chia s\u1ebb cho b\u00ean th\u1ee9 ba v\u00e0 lu\u00f4n s\u1eb5n s\u00e0ng h\u1ed7 [&hellip;]","og_url":"https:\/\/mangahobbies.click\/?page_id=250","og_site_name":"Manga Hobbies","article_modified_time":"2026-01-23T01:55:37+00:00","og_image":[{"width":960,"height":540,"url":"https:\/\/mangahobbies.click\/wp-content\/uploads\/2025\/05\/500273131_122098402442892004_1363554158967002094_n.png","type":"image\/png"}],"twitter_card":"summary_large_image","twitter_misc":{"\u01af\u1edbc t\u00ednh th\u1eddi gian \u0111\u1ecdc":"1 ph\u00fat"},"schema":{"@context":"https:\/\/schema.org","@graph":[{"@type":"WebPage","@id":"https:\/\/mangahobbies.click\/?page_id=250","url":"https:\/\/mangahobbies.click\/?page_id=250","name":"\u0110\u00e1nh gi\u00e1 Website - Manga Hobbies","isPartOf":{"@id":"https:\/\/mangahobbies.click\/#website"},"primaryImageOfPage":{"@id":"https:\/\/mangahobbies.click\/?page_id=250#primaryimage"},"image":{"@id":"https:\/\/mangahobbies.click\/?page_id=250#primaryimage"},"thumbnailUrl":"https:\/\/mangahobbies.click\/wp-content\/uploads\/2025\/05\/500273131_122098402442892004_1363554158967002094_n.png","datePublished":"2026-01-23T01:55:35+00:00","dateModified":"2026-01-23T01:55:37+00:00","breadcrumb":{"@id":"https:\/\/mangahobbies.click\/?page_id=250#breadcrumb"},"inLanguage":"vi","potentialAction":[{"@type":"ReadAction","target":["https:\/\/mangahobbies.click\/?page_id=250"]}]},{"@type":"ImageObject","inLanguage":"vi","@id":"https:\/\/mangahobbies.click\/?page_id=250#primaryimage","url":"https:\/\/mangahobbies.click\/wp-content\/uploads\/2025\/05\/500273131_122098402442892004_1363554158967002094_n.png","contentUrl":"https:\/\/mangahobbies.click\/wp-content\/uploads\/2025\/05\/500273131_122098402442892004_1363554158967002094_n.png","width":960,"height":540},{"@type":"BreadcrumbList","@id":"https:\/\/mangahobbies.click\/?page_id=250#breadcrumb","itemListElement":[{"@type":"ListItem","position":1,"name":"Trang ch\u1ee7","item":"https:\/\/mangahobbies.click\/"},{"@type":"ListItem","position":2,"name":"\u0110\u00e1nh gi\u00e1 Website"}]},{"@type":"WebSite","@id":"https:\/\/mangahobbies.click\/#website","url":"https:\/\/mangahobbies.click\/","name":"Manga Hobbies","description":"","publisher":{"@id":"https:\/\/mangahobbies.click\/#organization"},"potentialAction":[{"@type":"SearchAction","target":{"@type":"EntryPoint","urlTemplate":"https:\/\/mangahobbies.click\/?s={search_term_string}"},"query-input":{"@type":"PropertyValueSpecification","valueRequired":true,"valueName":"search_term_string"}}],"inLanguage":"vi"},{"@type":"Organization","@id":"https:\/\/mangahobbies.click\/#organization","name":"Manga Hobbies","url":"https:\/\/mangahobbies.click\/","logo":{"@type":"ImageObject","inLanguage":"vi","@id":"https:\/\/mangahobbies.click\/#\/schema\/logo\/image\/","url":"https:\/\/mangahobbies.click\/wp-content\/uploads\/2025\/05\/Beige-Red-Minimalist-Pastry-Bakery-Logo-6.png","contentUrl":"https:\/\/mangahobbies.click\/wp-content\/uploads\/2025\/05\/Beige-Red-Minimalist-Pastry-Bakery-Logo-6.png","width":500,"height":500,"caption":"Manga Hobbies"},"image":{"@id":"https:\/\/mangahobbies.click\/#\/schema\/logo\/image\/"}}]}},"jetpack_sharing_enabled":true,"_links":{"self":[{"href":"https:\/\/mangahobbies.click\/index.php?rest_route=\/wp\/v2\/pages\/250","targetHints":{"allow":["GET"]}}],"collection":[{"href":"https:\/\/mangahobbies.click\/index.php?rest_route=\/wp\/v2\/pages"}],"about":[{"href":"https:\/\/mangahobbies.click\/index.php?rest_route=\/wp\/v2\/types\/page"}],"author":[{"embeddable":true,"href":"https:\/\/mangahobbies.click\/index.php?rest_route=\/wp\/v2\/users\/1"}],"replies":[{"embeddable":true,"href":"https:\/\/mangahobbies.click\/index.php?rest_route=%2Fwp%2Fv2%2Fcomments&post=250"}],"version-history":[{"count":1,"href":"https:\/\/mangahobbies.click\/index.php?rest_route=\/wp\/v2\/pages\/250\/revisions"}],"predecessor-version":[{"id":251,"href":"https:\/\/mangahobbies.click\/index.php?rest_route=\/wp\/v2\/pages\/250\/revisions\/251"}],"wp:attachment":[{"href":"https:\/\/mangahobbies.click\/index.php?rest_route=%2Fwp%2Fv2%2Fmedia&parent=250"}],"curies":[{"name":"wp","href":"https:\/\/api.w.org\/{rel}","templated":true}]}}